{"id":1352,"date":"2025-02-27T16:00:46","date_gmt":"2025-02-27T16:00:46","guid":{"rendered":"https:\/\/fenster2.live-website.com\/about\/"},"modified":"2025-03-09T09:12:02","modified_gmt":"2025-03-09T09:12:02","slug":"about","status":"publish","type":"page","link":"https:\/\/klarsicht-okv.de\/?page_id=1352","title":{"rendered":"\u00fcber uns"},"content":{"rendered":"\n<div class=\"wp-block-uagb-container uagb-block-6f4f8532 alignfull uagb-is-root-container\"><div class=\"uagb-container-inner-blocks-wrap\">\n<div class=\"wp-block-uagb-advanced-heading uagb-block-10dbb5ae\"><h1 class=\"uagb-heading-text\">Fensterreinigung OKV Klarsicht<\/h1><\/div>\n<\/div><\/div>\n\n\n\n<div class=\"wp-block-uagb-container uagb-block-0b4f71de alignfull uagb-is-root-container\"><div class=\"uagb-container-inner-blocks-wrap\">\n<div class=\"wp-block-uagb-container uagb-block-993ee68f\">\n<div class=\"wp-block-uagb-image uagb-block-41a754cf wp-block-uagb-image--layout-default wp-block-uagb-image--effect-static wp-block-uagb-image--align-none\"><figure class=\"wp-block-uagb-image__figure\"><img decoding=\"async\" srcset=\"https:\/\/fenster2.live-website.com\/wp-content\/uploads\/2025\/02\/PXL_20241228_130221547-791x1024.jpeg ,https:\/\/fenster2.live-website.com\/wp-content\/uploads\/2025\/02\/PXL_20241228_130221547.jpeg 780w, https:\/\/fenster2.live-website.com\/wp-content\/uploads\/2025\/02\/PXL_20241228_130221547.jpeg 360w\" sizes=\"auto, (max-width: 480px) 150px\" src=\"https:\/\/fenster2.live-website.com\/wp-content\/uploads\/2025\/02\/PXL_20241228_130221547-791x1024.jpeg\" alt=\"\" class=\"uag-image-3008\" width=\"480\" height=\"520\" title=\"PXL_20241228_130221547\" loading=\"lazy\" role=\"img\"\/><\/figure><\/div>\n\n\n\n<div class=\"wp-block-uagb-advanced-heading uagb-block-6f4889f4\"><h4 class=\"uagb-heading-text\">Herr Vogt<\/h4><p class=\"uagb-desc-text\">Inhaber<\/p><\/div>\n<\/div>\n\n\n\n<div class=\"wp-block-uagb-container uagb-block-79147a85\">\n<div class=\"wp-block-uagb-info-box uagb-block-fee0a910 uagb-infobox__content-wrap  uagb-infobox-icon-above-title uagb-infobox-image-valign-top wp-block-uagb-info-box--has-margin\"><div class=\"uagb-infobox-margin-wrapper\"><div class=\"uagb-ifb-content\"><div class=\"uagb-ifb-title-wrap\"><h2 class=\"uagb-ifb-title\">\u00dcber uns<\/h2><\/div><p class=\"uagb-ifb-desc\">Wir sind ein Fensterputz Unternehmen aus dem Hamburger S\u00fcden. Wir reinigen deine Fenster nicht nur gr\u00fcndlich, sondern sorgen daf\u00fcr, dass du dich entspannen kannst. Wir zeichnen uns durch eine einfache und schnelle Terminbuchung, P\u00fcnktlichkeit und Ordentlichkeit aus. Viele Firmen reinigen zwar deine Fenster doch k\u00fcmmern sich nicht um den Umgang in deinem Eigenheim. Bei uns gibt es keine l\u00e4stigen Wasserflecken und Schuhabdr\u00fccke auf deinem Holzboden. Der Einsatz von Schuh\u00fcberziehern sowie einem ordentlichen ablegen deines Bodens mit Handt\u00fcchern ist Selbstverst\u00e4ndlich. Ebenso ein angenehmes Auftreten, sodass Du unseren Dienst sorglos in Anspruch nehmen kannst.<\/p><\/div><\/div><\/div>\n<\/div>\n<\/div><\/div>\n\n\n\n<div class=\"wp-block-uagb-container uagb-block-a75e8de2 alignfull uagb-is-root-container\"><div class=\"uagb-container-inner-blocks-wrap\">\n<div class=\"wp-block-uagb-advanced-heading uagb-block-75d7d853\"><h2 class=\"uagb-heading-text\">Unser Versprechen<\/h2><\/div>\n\n\n\n<div class=\"wp-block-uagb-container uagb-block-d5c4df1f\">\n<div class=\"wp-block-uagb-info-box uagb-block-a0bb226f uagb-infobox__content-wrap  uagb-infobox-icon-above-title uagb-infobox-image-valign-top wp-block-uagb-info-box--has-margin\"><div class=\"uagb-infobox-margin-wrapper\"><div class=\"uagb-ifb-content\"><div class=\"uagb-ifb-image-content\"><img decoding=\"async\" src=\"https:\/\/fenster2.live-website.com\/wp-content\/uploads\/2020\/05\/cleaners.png\" alt=\"\" width=\"100\" height=\"100\" loading=\"lazy\"\/><\/div><div class=\"uagb-ifb-title-wrap\"><h6 class=\"uagb-ifb-title\">Professionalit\u00e4t <\/h6><\/div><\/div><\/div><\/div>\n\n\n\n<div class=\"wp-block-uagb-info-box uagb-block-5a02c3fb uagb-infobox__content-wrap  uagb-infobox-icon-above-title uagb-infobox-image-valign-top wp-block-uagb-info-box--has-margin\"><div class=\"uagb-infobox-margin-wrapper\"><div class=\"uagb-ifb-content\"><div class=\"uagb-ifb-image-content\"><img decoding=\"async\" src=\"https:\/\/fenster2.live-website.com\/wp-content\/uploads\/2020\/05\/payment.png\" alt=\"\" width=\"100\" height=\"100\" loading=\"lazy\"\/><\/div><div class=\"uagb-ifb-title-wrap\"><h6 class=\"uagb-ifb-title\">Faire Bezahlung<\/h6><\/div><\/div><\/div><\/div>\n\n\n\n<div class=\"wp-block-uagb-info-box uagb-block-16c800a4 uagb-infobox__content-wrap  uagb-infobox-icon-above-title uagb-infobox-image-valign-top wp-block-uagb-info-box--has-margin\"><div class=\"uagb-infobox-margin-wrapper\"><div class=\"uagb-ifb-content\"><div class=\"uagb-ifb-image-content\"><img decoding=\"async\" src=\"https:\/\/fenster2.live-website.com\/wp-content\/uploads\/2020\/05\/products.png\" alt=\"\" width=\"100\" height=\"100\" loading=\"lazy\"\/><\/div><div class=\"uagb-ifb-title-wrap\"><h6 class=\"uagb-ifb-title\">Ordnung<\/h6><\/div><\/div><\/div><\/div>\n<\/div>\n\n\n\n<div class=\"wp-block-uagb-advanced-heading uagb-block-2f23cd5c\"><\/div>\n<\/div><\/div>\n\n\n\n<div class=\"wp-block-uagb-container uagb-block-1a6734fe alignfull uagb-is-root-container\"><div class=\"uagb-container-inner-blocks-wrap\">\n<div class=\"wp-block-uagb-advanced-heading uagb-block-b056057b\"><h2 class=\"uagb-heading-text\">Dein Angebot<br><\/h2><\/div>\n\n\n\n<div class=\"wp-block-uagb-container uagb-block-a8603c2e\">\n<div class=\"wp-block-uagb-call-to-action uagb-block-eec57917 wp-block-button\"><div class=\"uagb-cta__wrap\"><h4 class=\"uagb-cta__title\">Termin<\/h4><p class=\"uagb-cta__desc\">Einen Termin zur Begutachtung und\/oder Reinigung vereinbaren<\/p><\/div><div class=\"uagb-cta__buttons\"><a href=\"#\" class=\"uagb-cta__button-link-wrapper wp-block-button__link\" target=\"_self\" rel=\"noopener noreferrer\">Anfrage <\/a><\/div><\/div>\n<\/div>\n<\/div><\/div>\n\n\n\n<div class=\"wp-block-uagb-container uagb-layout-flex uagb-block-877e8021 alignfull uagb-is-root-container\"><div class=\"uagb-container-inner-blocks-wrap\">\n<div class=\"wp-block-uagb-info-box uagb-block-2c46f440 uagb-infobox__content-wrap  uagb-infobox-icon-above-title uagb-infobox-image-valign-top wp-block-uagb-info-box--has-margin\"><div class=\"uagb-infobox-margin-wrapper\"><div class=\"uagb-ifb-content\"><div class=\"uagb-ifb-title-wrap\"><h2 class=\"uagb-ifb-title\">Preiskalkulation<\/h2><\/div><p class=\"uagb-ifb-desc\">Deine Fenster<\/p><\/div><\/div><\/div>\n\n\n\n<div class=\"wp-block-uagb-container uagb-block-1af25e29\">\n<div class=\"wp-block-uagb-container uagb-block-6f60e4ea\">\n<div class=\"wp-block-uagb-info-box uagb-block-c488b6bd uagb-infobox__content-wrap  uagb-infobox-icon-above-title uagb-infobox-image-valign-top wp-block-uagb-info-box--has-margin\"><div class=\"uagb-infobox-margin-wrapper\"><div class=\"uagb-ifb-content\"><div class=\"uagb-ifb-title-wrap\"><h3 class=\"uagb-ifb-title\">Begutachtung<\/h3><\/div><\/div><\/div><\/div>\n\n\n\n<div class=\"wp-block-uagb-info-box uagb-block-2346dde1 uagb-infobox__content-wrap  uagb-infobox-icon-above-title uagb-infobox-image-valign-top wp-block-uagb-info-box--has-margin\"><div class=\"uagb-infobox-margin-wrapper\"><div class=\"uagb-ifb-content\"><div class=\"uagb-ifb-title-wrap\"><h6 class=\"uagb-ifb-title\">Kostenfrei!<\/h6><\/div><\/div><\/div><\/div>\n<\/div>\n\n\n\n<div class=\"wp-block-uagb-container uagb-block-03329d89\">\n<div class=\"wp-block-uagb-info-box uagb-block-977b81ed uagb-infobox__content-wrap  uagb-infobox-icon-above-title uagb-infobox-image-valign-top\"><div class=\"uagb-ifb-content\"><div class=\"uagb-ifb-title-wrap\"><h3 class=\"uagb-ifb-title\">Termin zur Fensterreinigung<\/h3><\/div><\/div><\/div>\n\n\n\n<div class=\"wp-block-uagb-info-box uagb-block-a42d308b uagb-infobox__content-wrap  uagb-infobox-icon-above-title uagb-infobox-image-valign-top wp-block-uagb-info-box--has-margin\"><div class=\"uagb-infobox-margin-wrapper\"><div class=\"uagb-ifb-content\"><div class=\"uagb-ifb-title-wrap\"><h6 class=\"uagb-ifb-title\">Reinigungstermin<\/h6><\/div><p class=\"uagb-ifb-desc\">Der Preis der Reinigung h\u00e4ngt von der Fl\u00e4che sowie dem Grad der Verschmutzung ab. Es handelt sich um ein Pauschalpreis. Somit zahlst du keinen Stundenpreis sondern FAIR NACH FL\u00c4CHE!<\/p><\/div><\/div><\/div>\n<\/div>\n\n\n\n<div class=\"wp-block-uagb-container uagb-block-1dbb7966\">\n<div class=\"wp-block-uagb-info-box uagb-block-0da77510 uagb-infobox__content-wrap  uagb-infobox-icon-above-title uagb-infobox-image-valign-top\"><div class=\"uagb-ifb-content\"><div class=\"uagb-ifb-title-wrap\"><h3 class=\"uagb-ifb-title\">Material<\/h3><\/div><\/div><\/div>\n\n\n\n<div class=\"wp-block-uagb-info-box uagb-block-5ade54d7 uagb-infobox__content-wrap  uagb-infobox-icon-above-title uagb-infobox-image-valign-top wp-block-uagb-info-box--has-margin\"><div class=\"uagb-infobox-margin-wrapper\"><div class=\"uagb-ifb-content\"><div class=\"uagb-ifb-title-wrap\"><h6 class=\"uagb-ifb-title\">Reinigungsmittel &amp; Material<\/h6><\/div><p class=\"uagb-ifb-desc\">Pro Reinigung wird eine Materialgeb\u00fchr von 5\u20ac erhoben <\/p><\/div><\/div><\/div>\n<\/div>\n<\/div>\n<\/div><\/div>\n","protected":false},"excerpt":{"rendered":"<p>Fensterreinigung OKV Klarsicht Herr Vogt Inhaber Unser Versprechen Dein Angebot<\/p>\n","protected":false},"author":1,"featured_media":2997,"parent":0,"menu_order":0,"comment_status":"closed","ping_status":"closed","template":"","meta":{"_uag_custom_page_level_css":"","site-sidebar-layout":"no-sidebar","site-content-layout":"page-builder","ast-site-content-layout":"full-width-container","site-content-style":"unboxed","site-sidebar-style":"unboxed","ast-global-header-display":"","ast-banner-title-visibility":"","ast-main-header-display":"","ast-hfb-above-header-display":"","ast-hfb-below-header-display":"","ast-hfb-mobile-header-display":"","site-post-title":"disabled","ast-breadcrumbs-content":"","ast-featured-img":"disabled","footer-sml-layout":"","theme-transparent-header-meta":"default","adv-header-id-meta":"","stick-header-meta":"","header-above-stick-meta":"","header-main-stick-meta":"","header-below-stick-meta":"","astra-migrate-meta-layouts":"set","ast-page-background-enabled":"default","ast-page-background-meta":{"desktop":{"background-color":"","background-image":"","background-repeat":"repeat","background-position":"center center","background-size":"auto","background-attachment":"scroll","background-type":"","background-media":"","overlay-type":"","overlay-color":"","overlay-opacity":"","overlay-gradient":""},"tablet":{"background-color":"","background-image":"","background-repeat":"repeat","background-position":"center center","background-size":"auto","background-attachment":"scroll","background-type":"","background-media":"","overlay-type":"","overlay-color":"","overlay-opacity":"","overlay-gradient":""},"mobile":{"background-color":"","background-image":"","background-repeat":"repeat","background-position":"center center","background-size":"auto","background-attachment":"scroll","background-type":"","background-media":"","overlay-type":"","overlay-color":"","overlay-opacity":"","overlay-gradient":""}},"ast-content-background-meta":{"desktop":{"background-color":"var(--ast-global-color-5)","background-image":"","background-repeat":"repeat","background-position":"center center","background-size":"auto","background-attachment":"scroll","background-type":"","background-media":"","overlay-type":"","overlay-color":"","overlay-opacity":"","overlay-gradient":""},"tablet":{"background-color":"var(--ast-global-color-5)","background-image":"","background-repeat":"repeat","background-position":"center center","background-size":"auto","background-attachment":"scroll","background-type":"","background-media":"","overlay-type":"","overlay-color":"","overlay-opacity":"","overlay-gradient":""},"mobile":{"background-color":"var(--ast-global-color-5)","background-image":"","background-repeat":"repeat","background-position":"center center","background-size":"auto","background-attachment":"scroll","background-type":"","background-media":"","overlay-type":"","overlay-color":"","overlay-opacity":"","overlay-gradient":""}},"footnotes":""},"class_list":["post-1352","page","type-page","status-publish","has-post-thumbnail","hentry"],"uagb_featured_image_src":{"full":["https:\/\/klarsicht-okv.de\/wp-content\/uploads\/2025\/02\/file-KticpqaCHSqrBHAEXK6e2Q-3.webp",1024,1024,false],"thumbnail":["https:\/\/klarsicht-okv.de\/wp-content\/uploads\/2025\/02\/file-KticpqaCHSqrBHAEXK6e2Q-3-150x150.webp",150,150,true],"medium":["https:\/\/klarsicht-okv.de\/wp-content\/uploads\/2025\/02\/file-KticpqaCHSqrBHAEXK6e2Q-3-300x300.webp",300,300,true],"medium_large":["https:\/\/klarsicht-okv.de\/wp-content\/uploads\/2025\/02\/file-KticpqaCHSqrBHAEXK6e2Q-3-768x768.webp",768,768,true],"large":["https:\/\/klarsicht-okv.de\/wp-content\/uploads\/2025\/02\/file-KticpqaCHSqrBHAEXK6e2Q-3.webp",1024,1024,false],"1536x1536":["https:\/\/klarsicht-okv.de\/wp-content\/uploads\/2025\/02\/file-KticpqaCHSqrBHAEXK6e2Q-3.webp",1024,1024,false],"2048x2048":["https:\/\/klarsicht-okv.de\/wp-content\/uploads\/2025\/02\/file-KticpqaCHSqrBHAEXK6e2Q-3.webp",1024,1024,false]},"uagb_author_info":{"display_name":"admin","author_link":"https:\/\/klarsicht-okv.de\/?author=1"},"uagb_comment_info":0,"uagb_excerpt":"Fensterreinigung OKV Klarsicht Herr Vogt Inhaber Unser Versprechen Dein Angebot","_links":{"self":[{"href":"https:\/\/klarsicht-okv.de\/index.php?rest_route=\/wp\/v2\/pages\/1352","targetHints":{"allow":["GET"]}}],"collection":[{"href":"https:\/\/klarsicht-okv.de\/index.php?rest_route=\/wp\/v2\/pages"}],"about":[{"href":"https:\/\/klarsicht-okv.de\/index.php?rest_route=\/wp\/v2\/types\/page"}],"author":[{"embeddable":true,"href":"https:\/\/klarsicht-okv.de\/index.php?rest_route=\/wp\/v2\/users\/1"}],"replies":[{"embeddable":true,"href":"https:\/\/klarsicht-okv.de\/index.php?rest_route=%2Fwp%2Fv2%2Fcomments&post=1352"}],"version-history":[{"count":6,"href":"https:\/\/klarsicht-okv.de\/index.php?rest_route=\/wp\/v2\/pages\/1352\/revisions"}],"predecessor-version":[{"id":3068,"href":"https:\/\/klarsicht-okv.de\/index.php?rest_route=\/wp\/v2\/pages\/1352\/revisions\/3068"}],"wp:featuredmedia":[{"embeddable":true,"href":"https:\/\/klarsicht-okv.de\/index.php?rest_route=\/wp\/v2\/media\/2997"}],"wp:attachment":[{"href":"https:\/\/klarsicht-okv.de\/index.php?rest_route=%2Fwp%2Fv2%2Fmedia&parent=1352"}],"curies":[{"name":"wp","href":"https:\/\/api.w.org\/{rel}","templated":true}]}}